divided by m.
16
Let t = 25 + -18. Calculate the remainder when 10 is divided by t.
3
Let d(w) = 4*w**2 + 2*w - 1. Suppose 0 = -3*k - f + 26, 2*k - 5*f + 9 = -2. Suppose -k*n + 4*n + 18 = 0. What is the remainder when d(-2) is divided by n?
5
Let n(o) = 9*o - 1. What is the remainder when n(4) is divided by -4*(-6)/16*6?
8
Suppose 2*d + 5 - 3 = 4*v, -6 = -2*v - 4*d. Let y be (2 - v)/(1/4). Suppose y*o = 6*o - 24. What is the remainder when 47 is divided by o?
11
Suppose -5 = -b - 3. Suppose 8 = -b*o, 2*d + 2*o - o - 344 = 0. Suppose -2*g = g - d. What is the remainder when g is divided by 15?
13
Let p = -81 - -122. Calculate the remainder when 163 is divided by p.
40
Let a = 3 + -6. Let s be (-5 - a/1)*-1. Calculate the remainder when 20 + 4 + s + -4 is divided by 6.
4
Let m = -44 - -63. What is the remainder when m is divided by 10?
9
Let u = 2 + 6. Suppose c = -0*c + u. What is the remainder when 13 is divided by c?
5
Let o(y) = -2*y + 4. Let k(i) = 5*i + 1. Let u be k(-1). Calculate the remainder when 22 is divided by o(u).
10
Let p(t) = 11*t - 5. What is the remainder when 29 is divided by p(1)?
5
Suppose 3*q = 94 + 41. What is the remainder when 178 is divided by q?
43
Let y = -10 + 116. Suppose 2*n - y = -0*n. Calculate the remainder when n is divided by 18.
17
Suppose 2*a - 5*x - 27 = 13, x = a - 14. What is the remainder when (a/15)/(2/93) is divided by 8?
7
Let f = 38 + -3. Calculate the remainder when f is divided by 9.
8
Let h = -57 + 82. Suppose -4*x - 3*y + 61 = 0, -3*x - x = -y - 49. Calculate the remainder when h is divided by x.
12
Let p(i) = i - 2. Let y be p(5). Suppose -u - 5*o = -y*o, -5*u + 26 = -3*o. Suppose -u*t + 9 = -91. Calculate the remainder when t is divided by 9.
7
Let n = -36 - 1. Let i = n - -62. Calculate the remainder when i is divided by 7.
4
Suppose -3 = -2*i - 2*c - c, c - 4 = -i. What is the remainder when 26/(-5)*(-15 - -10) is divided by i?
8
Let d(c) = 6*c - 76. Calculate the remainder when 21/2 - 2/(-4) is divided by d(13).
1
Suppose 17 = 5*b - 8. Suppose -4*y + 10 = y, 0 = -b*h + 2*y + 391. Calculate the remainder when h is divided by 20.
19
Let w(q) = 2*q + 6. Let b be w(9). Suppose -3*p + 7*p = b. Let k(z) = -6*z - 2. Calculate the remainder when k(-3) is divided by p.
4
Suppose -28 = -5*i + 4*y, 4*i - 49 = -i - 3*y. Calculate the remainder when 23 is divided by i.
7
Let z(c) = 2*c**2 + 2*c + 6. What is the remainder when 123 is divided by z(-3)?
15
Suppose -5*s + 297 = -w + 42, 0 = 2*s - 5*w - 102. What is the remainder when s is divided by 24?
3
Let i(t) = t**3 + 7*t**2 - 2*t - 4. What is the remainder when 12/(-15)*(-40 + -2 + 7) is divided by i(-7)?
8
Let c = -114 - -150. What is the remainder when 139 is divided by c?
31
Let i = 2 - 1. Calculate the remainder when (-2)/(-11) + 84/22 + -3 is divided by i.
0
Let r = -35 + 50. Let b = 32 - -26. What is the remainder when b is divided by r?
13
Let n(k) = -k**3 + 16*k**2 - 7*k + 11. What is the remainder when n(15) is divided by 33?
32
Suppose -i = 3*i + 16. Calculate the remainder when 27 is divided by (-4*1)/(i/14).
13
Let u = 53 + -50. Calculate the remainder when 8 is divided by u.
2
Let m(w) = -w + 16. Let x be m(0). Suppose 0 = -3*b - x + 121. What is the remainder when b is divided by 9?
8
Suppose -4*g - 10 = g, 2*p - 2*g = 14. Suppose p - 18 = -s. What is the remainder when 21 is divided by s?
8
Let w = 140 - 84. Let g(q) = 2*q**2 + 7*q. What is the remainder when w is divided by g(-5)?
11
Let o(k) = k - 1 + 0*k + k. Let z(d) = 5*d - 7. What is the remainder when z(4) is divided by o(3)?
3
Let y = 4 - 1. Let s be (-43)/(-3) - (-2)/(-6). Calculate the remainder when y is divided by 7/2*8/s.
1
Let a(o) = -o**2 - 4*o + 2. Let u be a(-4). Suppose -g = u*g - 9. Calculate the remainder when 15/(-10) - 11/(-2) is divided by g.
1
Let i(z) = -2*z + 40. Calculate the remainder when 47 is divided by i(12).
15
Let m = -9 - 12. What is the remainder when (-876)/m - 6/(-21) is divided by 23?
19
Suppose 2*y + l = 80, 0*y + 3*l = -y + 50. Suppose -2*u - 27 = -3*g + 18, 0 = -2*g + 3*u + 35. What is the remainder when y is divided by g?
12
Suppose -5*k - 62 = -187. Calculate the remainder when 47 is divided by k.
22
Let r = 35 + -3. Suppose -2*s + r = y, s + 2*s - 54 = -3*y. What is the remainder when 55 is divided by s?
13
Calculate the remainder when 49 is divided by (-50)/(-4) + (-2)/(-4).
10
Let g = 56 + -39. Let f = -10 + g. What is the remainder when 13 is divided by f?
6
Suppose 4*d = -3*c + 287, -5*d = 2*c - d - 194. What is the remainder when c is divided by 16?
13
Suppose 2*f + 0 - 4 = 0. Suppose f*z - 4*z = -46. Let w = 45 - z. Calculate the remainder when w is divided by 8.
6
Let h = -36 + 46. Calculate the remainder when 14 is divided by h.
4
Let l be 194/(-22) - 8/44. Calculate the remainder when 68 is divided by l/6*140/(-15).
12
Let d be ((-1)/3)/((-4)/24). Suppose d*x = 4*x - 92. What is the remainder when x is divided by 12?
10
Let r = 100 - 71. What is the remainder when r is divided by 18?
11
Suppose -3*q + 9 = -2*w - 36, 0 = -2*q - 5*w + 11. What is the remainder when q is divided by 5?
3
Let n = 50 - 33. Calculate the remainder when 101 is divided by n.
16
Let n = 29 - 13. Let c(p) = p**2 + 3*p + 1. Let w be c(-5). Let r = w + -5. Calculate the remainder when n is divided by r.
4
Suppose y = -4*y - 2*l + 30, 3*y - 18 = 4*l. What is the remainder when (-698)/(-12) + (-1)/y is divided by 20?
18
Let r(n) = -n**2 - n + 11. Let h = -8 + 26. What is the remainder when r(0) is divided by 112/h + (-6)/27?
5
Suppose -2 = 2*c, -2*k + 5*c + 48 = -135. Calculate the remainder when k is divided by 18.
17
Let c = -1 - -4. Suppose 3*r = -0*r - c. Let w = r - -3. What is the remainder when w is divided by 2?
0
Let a = 54 - 8. Let y = -11 + 23. What is the remainder when a is divided by y?
10
Suppose 5*l = -i + 8, 0 = -3*l - 7 + 1. Calculate the remainder when i is divided by 7 - ((-3)/6*2 - -3).
3
What is the remainder when 16 is divided by (9/5)/((-10)/(-50))?
7
Suppose 3*d - 79 = 4*l - 0*d, -2*l = -d + 39. Let y = l - -28. Let p = -26 - -52. What is the remainder when p is divided by y?
8
Let n = 5 - 6. Let h be 44/1 - n - 2. Suppose -4*a = 3 - h. What is the remainder when a is divided by 4?
2
Let k(u) = 18*u**3 + u - 1. Let h(j) = -j**2 - 7*j + 2. Let l be h(-7). Let z(d) = 2*d**3 - d**2 - 2. Calculate the remainder when k(1) is divided by z(l).
8
Let o = 9 + -5. Suppose -2*x - z + 23 = 0, -2*x = -o*z - 46 + 8. Calculate the remainder when 22 is divided by x.
9
Suppose -15 = -4*g + 21. Let k = g + -7. Calculate the remainder when 6 is divided by k.
0
Suppose 0 = 3*h - 2*i + 87, -h - 3*i - 39 = -7*i. Let k = 10 + h. Let l = k - -26. What is the remainder when 15 is divided by l?
6
Suppose 4*s + 3*p - 760 = 0, 4*p - 20 = -p. Let k = s - 102. Let h = k - 51. What is the remainder when h is divided by 12?
10
Let d(c) = -c**2 + 12*c + 1. Let w be d(12). Calculate the remainder when w - -75*(1 - 0) is divided by 20.
16
Let m = -16 + 100. Suppose 2*r = 10 + m. Let v(o) = 4*o. What is the remainder when r is divided by v(4)?
15
Let y(q) = -q + 3. Let k(o) = 3*o - 6. Let d(v) = -4*k(v) - 10*y(v). Calculate the remainder when 22 is divided by d(-7).
6
Let r(h) = -5*h - 3. Let u be (-3)/(-2) + (-23)/2. What is the remainder when r(u) is divided by 16?
15
Suppose 6 = 2*k - 12. What is the remainder when 17 is divided by k?
8
Let m = -17 - -4. Let t = m - -19. What is the remainder when 34 is divided by 8*t/(-4)*-1?
10
What is the remainder when ((-2)/1)/2 + 7 is divided by 5/20*-2*-8?
2
Suppose 4*q - 12 = 28. Let t(z) = -q + 4*z**2 - 4*z + 8 + z**3 - 3*z**2 + 5*z**2. What is the remainder when t(-3) is divided by 20?
17
Let n(o) = 2*o**2 + o - 2. Let r = -64 + 81. What is the remainder when r is divided by n(-2)?
1
Suppose 3*l + 2*l - 5*p + 55 = 0, 2*l + 30 = 4*p. Let u(m) = m**2 + 6*m. Calculate the remainder when 19 is divided by u(l).
5
Let l(b) = -b**2 - 7*b - 7. Let n be l(-6). Calculate the remainder when 5 is divided by ((-2)/4)/(n/4).
1
Let v = -11 + 21. Calculate the remainder when 28 is divided by v.
8
Suppose -2*a = -7*a + 10. Let t = 15 + a. Calculate the remainder when t is divided by 10.
7
Let r(l) = l**2 + 11. What is the remainder when r(0)